et o be w(6). Suppose 2*s - o = -65. Let u = s - -44. Calculate the remainder when u is divided by 10.
6
Let g = 26 - 5. Suppose 0 = -17*y + 47 + 4. Suppose 0*o + 161 = y*k + o, -4*k - 5*o + 211 = 0. Calculate the remainder when k is divided by g.
12
Suppose q - 70 = -5*o, 50 = 5*o + q + 4*q. Calculate the remainder when (-12)/(-14)*(53 + -39) - (22 + -28) is divided by o.
3
Suppose -3*x + 21 = -y, 2*y + 8 + 28 = 5*x. Let w = 8 - -6. Let g = w + 2. Calculate the remainder when g is divided by x.
4
Suppose -2*v - 13*v + 4021 = -1604. Calculate the remainder when 709 is divided by v.
334
Suppose -3*l = 2*f - 487, -l = -4*f - 0*f - 153. Suppose l*j - 166*j = -190. Calculate the remainder when 50 is divided by j.
12
Let n = -79 + 116. Let l = -214 - -216. Suppose a = 149 - l. Calculate the remainder when a is divided by n.
36
What is the remainder when 3298 is divided by ((-12)/(-10))/((3393/(-3625))/(-39))?
48
Let g = 17 - 17. Let q be 1*-370 + -4 - 1. What is the remainder when q/30*(-2 + g) is divided by 9?
7
Suppose 825 = -45*t + 50*t. Let n = -47 + t. Calculate the remainder when n is divided by 12.
10
Let w = 1628 + -743. Suppose -34*t + w = -917. Calculate the remainder when t is divided by 18.
17
Let s(a) = -a**3 + 26*a**2 + 10*a - 249. Calculate the remainder when 0 + -82*(-3)/6 is divided by s(26).
8
Suppose 13633 - 45453 = -35*g - 8*g. Calculate the remainder when g is divided by 281.
178
Suppose 12*i - i = 396. Let s(o) = -3 + 16 + o + 17. Calculate the remainder when i is divided by s(-11).
17
Let v be 51/12 - (-1 + 3/12). Suppose -9 + 57 = 3*c - d, -3*c + v*d = -60. What is the remainder when 67 is divided by c?
7
Let i(h) = -h**2 - 8*h - 14. Let x be i(-6). Let j be x/(0 - -2)*-22. Let d = -12 + j. Calculate the remainder when 26 is divided by d.
6
Let q = 811 + -608. Suppose 3*w + 4*i - 31 = 0, -3*i - q = w - 205. Let h(a) = -4*a**3 + 3*a**2. Calculate the remainder when h(-3) is divided by w.
16
Suppose -101*u - q = -98*u - 142, 5*q = -10. Calculate the remainder when 142 is divided by u.
46
Let r(h) = 2*h**3 + 3*h**2 - 6*h - 66. Let m(f) = 3*f**3 + 5*f**2 - 8*f - 99. Let b(v) = 5*m(v) - 8*r(v). What is the remainder when 162 is divided by b(0)?
30
Let a(g) = 840*g + 19425. Calculate the remainder when a(-23) is divided by 54/(1 - (-2 + 2)).
51
Let d(o) = -o**2 + 14*o + 1. Suppose 5*k - 3666 = -581. Let j = k + -605. What is the remainder when d(9) is divided by j?
10
What is the remainder when 7976 is divided by ((-4)/(-2) + -32)/(-11 + 171/18)?
16
Suppose 18*n - 180698 + 179528 = 0. Calculate the remainder when 908 is divided by n.
63
Suppose -11 = 4*s + 3*j, 4*s - 14 = -0*j + 2*j. Let a = 26 + -22. Suppose -4*h - 12 = -a*b, -4 = 2*b - 12. What is the remainder when h is divided by s?
0
Suppose 4*i = -d - 20, -d - 8 = -3*d. Let j(r) = -5*r + 8. Let o(c) = -11*c - 1368. What is the remainder when o(-138) is divided by j(i)?
36
Let u(s) = -2112 - 20*s + 1116 + 1084. Calculate the remainder when u(4) is divided by (-4)/1*(2 - 3).
0
Let d = 171 + -118. Suppose 194 = 4*m - 0*m - 2*s, d = m + s. Suppose 0 = -3*b + 3*c + 102, -3*b + m + 64 = 3*c. What is the remainder when 69 is divided by b?
33
Suppose -28 = -2*v - 2. Let u(l) = 9*l - 44 - 17 - v*l. Calculate the remainder when 36 is divided by u(-20).
17
Let y(o) = 50*o**2 - 133*o - 387. What is the remainder when y(-3) is divided by 66?
0
Let d(v) = -2*v + 39. Suppose 130 = 4*l + 22. What is the remainder when l is divided by d(12)?
12
Let q(s) = -37*s - 16. Let l(f) = 7*f. Let t(a) = -6*l(a) - q(a). What is the remainder when 537 is divided by t(-4)?
33
Suppose -v = v. Let y be 6/(-10 - 2)*(6 + -2). What is the remainder when y + (18 - 5) - v is divided by 7?
4
Suppose -82 = 10*i - 522. Suppose -39*p = -i*p + 130. Calculate the remainder when p is divided by 3/(-6)*2 + 8.
5
Let f be (30/2)/(-5) - -4 - -7. Calculate the remainder when 2/f + 675/20 + 4 is divided by 13.
12
Suppose -5*j = -13*y + 9*y + 1531, y = -j + 403. Calculate the remainder when y is divided by 29.
17
Let l(x) = -x**3 + 13*x**2 + 12*x + 27. Let j be l(14). Calculate the remainder when 70 is divided by j/((-57)/27 + 2).
7
Suppose o + 3*y = -3*o + 220, -y = 2*o - 112. What is the remainder when 94 is divided by o?
36
Let n(v) = v**2 - 10*v + 14. Let s = 59 - 46. Let k be n(s). Let h = 108 - k. What is the remainder when h is divided by 14?
13
Let b(g) = 10*g**2 + 31*g + 122. Calculate the remainder when b(-9) is divided by 189.
86
Suppose -4*k - 2*v = -0*k - 194, -k = 3*v - 51. What is the remainder when 122 is divided by k?
26
Calculate the remainder when (-1 - -10) + -28 + 14 - -2687 is divided by 61.
59
Calculate the remainder when 5/(-20) + -3*(-915)/36 is divided by 10.
6
Suppose 694 + 2128 = -17*k. Let r = 280 + k. Calculate the remainder when r is divided by 23.
22
Let q(y) = 25*y**2 + 593*y + 4792. Calculate the remainder when q(-8) is divided by 29.
24
Let l(n) = -n**3 + 23*n**2 - 59*n + 120. What is the remainder when 10355 is divided by l(20)?
135
Suppose 40*g = 31*g + 846. What is the remainder when g is divided by 86?
8
Let g(d) = -104*d - 182. Calculate the remainder when g(-4) is divided by 35.
24
Suppose -4*d - 232 = -12*k + 8*k, 5*k - 286 = d. Let t = 305 + k. Calculate the remainder when t is divided by 14.
12
Let y = 20429 - 17752. Calculate the remainder when y is divided by 2673.
4
Suppose 0 = 2*u - 3*l + 8, 4*u - 2*u + 5*l - 56 = 0. Suppose -4*h = -189 + 25. What is the remainder when h is divided by u?
1
Suppose -3*w - 57 = -m, 1006*m + 4*w - 92 = 1005*m. Calculate the remainder when 161 is divided by m.
17
Suppose -3*g - 428 = -0*d - 5*d, -4*d - 4*g = -368. Suppose 0 = 49*o - 23*o + 4706. Let l = o + 199. Calculate the remainder when d is divided by l.
16
Let t be (5 - (3 - -91))*-1. Let p = -58 + t. What is the remainder when p is divided by 12?
7
Suppose 0 = -5*q + r + 397, -q + 2*r + 53 = -21. Calculate the remainder when 26 is divided by (1560/q)/(3/2).
0
Let j = 45 - -33. Let f = j + 4. What is the remainder when f is divided by 21?
19
Suppose -5*m + 4459 = -4*l, -907 = 30*m - 31*m - 3*l. Calculate the remainder when m is divided by 64.
63
Let i(g) = -123*g**3 + g - 21*g**2 + 3*g + 44*g**2 - 21*g**2 + 2. What is the remainder when i(-1) is divided by 27?
15
Let p(s) = -s**2 + 28*s - 78. Calculate the remainder when 248 is divided by p(10).
44
Let a = -260 + 286. Let y(w) = 37*w**2 + 2*w + 1. What is the remainder when y(-2) is divided by a - (-5 - (0 + -9) - -1)?
19
Let o = -784 + 925. Let k = -123 + o. Calculate the remainder when 26 is divided by k.
8
Let n = -1926 + 2464. What is the remainder when n is divided by 7?
6
Suppose 3*q - 412 = -2*c - 298, -4*q = -24*c + 8. Suppose -2*r = -167 - 149. Calculate the remainder when r is divided by q.
22
Suppose 0 = 11*q - 744 - 565. Calculate the remainder when q is divided by ((-4)/8)/(1 + (-98)/96).
23
Let m = 3270 + -3114. What is the remainder when m is divided by 51?
3
Let f(m) = -39*m**2 - 5*m + 3. Let y be f(1). Let j = y - -100. Let g = -40 + j. Calculate the remainder when 35 is divided by g.
16
Suppose 700 - 16660 = -56*j. Calculate the remainder when j is divided by 71.
1
Let w = 79 + 81. Suppose 2*g - 10 = -3*n + 18, 0 = -3*n - 6. Calculate the remainder when (24/20)/(6/w) is divided by g.
15
Suppose 11*x - 197 - 172 = -28. Calculate the remainder when 580 is divided by x.
22
Let a = 48 - 34. Let s be (459/(-6) - 0)/(7/a). What is the remainder when 34/s + (-652)/(-18) is divided by 19?
17
Let i = -5682 - -5722. Calculate the remainder when 3918 is divided by i.
38
Let w(q) = 3*q**3 + 30*q**2 - 34*q - 382. What is the remainder when 1570 is divided by w(-8)?
200
Let f(v) = -2*v**3 - 3*v**2 + 12*v + 1. Suppose 214 + 74 = 3*c. Calculate the remainder when c is divided by f(-4).
30
What is the remainder when 429 is divided by -1 + -10 + 107 + 8?
13
Let h be -1*(-3)/(-15) - (-151)/5. Suppose t - h = -5*t. Suppose -2*m + 5 = 3*d, 4*d - 25 = -t*m + 5. Calculate the remainder when m is divided by 6.
4
Let s = -840 + 990. What is the remainder when 497 is divided by s?
47
What is the remainder when (115*((-41)/(-5) - 7))/(6/4) is divided by 40?
12
Let m(t) = 17*t**2 - 4*t - 2. Suppose 54*r = 3*r + 139*r - 4928. What is the remainder 